-6).
-7
Let o be 3*(14/6 + -3). Let d(z) = 5*z**2 + 3*z + 2. Give d(o).
16
Let b(t) = t**2 + 7*t + 8. Suppose 0 = -i + 3 + 4. Suppose -o + 2*o = -i. What is b(o)?
8
Let x(y) = 6*y + 4. Suppose 9*s - 7*s = -6. Determine x(s).
-14
Let b(a) be the third derivative of -a**5/60 + a**4/8 + 2*a**3/3 + 2*a**2. Suppose -5*m - 2*h = 3*h - 25, 3*m - 9 = -5*h. Let s = 13 - m. Determine b(s).
-6
Suppose g - 6 + 2 = 0. Let q(b) = -b**3 + 3*b**2 + 3*b - 4. Give q(g).
-8
Let h(v) = 2*v + 0 + 5*v - 3 - 5*v. Determine h(2).
1
Let f(c) = -11*c**2 + 3*c - 10. Let l(u) = -4*u**2 + u - 3. Let y(k) = 3*f(k) - 8*l(k). Give y(0).
-6
Let u(z) = z - 5. Let v be u(7). Let n(o) be the first derivative of 11/2*o**v + 0*o - 3. Give n(-1).
-11
Let p(h) = -5*h**3 - 1. Let o be (-14)/(-18) - 2/(-9). Suppose -2*d + 2*n = -3*n + 8, -3*d = -n - o. What is p(d)?
-6
Let b = 20 + -15. Suppose b*k - 15 = -4*u, 0*k + 3*k - 5*u + 28 = 0. Let w(c) = 4 + 10*c - 3 + 2*c. Determine w(k).
-11
Let p = 28 - 25. Let c(j) = j**2 - 3*j + 1. Calculate c(p).
1
Suppose -2*q - 4*k + 15 = -13, 4*k - 8 = 0. Let t = 12 - q. Let b(y) = -2*y**2 + 3*y - 2. Calculate b(t).
-4
Let o(l) = l**3 - 8*l**2 + 5*l + 8. Let q be o(7). Let a = q - -9. Let b(z) = 2*z + 3. Give b(a).
9
Let t(c) = c + 0 - 1 - 3. Give t(7).
3
Suppose 4*w = 5*r - 3 - 4, 2*w = 3*r - 5. Let m(p) = -2*p - 2 + 2*p + 3*p**3 + r*p - 4*p**3. Calculate m(2).
-4
Let m(g) = 11*g - 1. Let s(n) = 7*n - 1. Let d(c) = -5*m(c) + 8*s(c). Give d(6).
3
Let p be 3/(-9) + 2/6. Suppose -4*v = -p - 4. Let d(g) = 9*g**2 + 1. Give d(v).
10
Let n be (-2 - (-18)/3) + -2. Let w be (-3 + 2)/((-1)/n). Suppose 1 = w*x - 3*x. Let l(h) = -2*h - 1. Give l(x).
1
Let d(w) = w**3 + w**2 + w + 1. Let z(u) = 5*u**3 + 3*u**2 + 5*u + 7. Let b(h) = -6*d(h) + z(h). Let l = -1 + -2. What is b(l)?
4
Let m(w) be the second derivative of 0 + 1/60*w**5 - 1/2*w**2 + 1/24*w**4 - 2/3*w**3 + 2*w. Let u(r) be the first derivative of m(r). Calculate u(-3).
2
Let l = -207 - -205. Let u(o) be the second derivative of 7*o**3/6 + o. Determine u(l).
-14
Suppose 0*f = -f + 3. Suppose 7*q - 2*q - 2*j + 14 = 0, 0 = -3*q - f*j - 21. Let o(b) = -2*b - 4. Give o(q).
4
Let g(m) = -3*m**3 - 4*m**2 - m - 4. Let n(d) = -d**2 - d - 1. Let o be (1 - 2/4)*-2. Let l(i) = o*g(i) + 3*n(i). Give l(1).
3
Let n(z) be the first derivative of -z**5/60 + z**4/24 + 3*z**2 + 8. Let s(i) be the second derivative of n(i). Suppose -10 = -2*q - 3*q. Give s(q).
-2
Suppose 2*i + 5*v - 19 = 0, -3*v + 6 = -3. Let m be 1 + 8/2 - i. Let n(g) = 2 + g**3 - 2*g**3 - m*g + 3*g**2 + 0*g. Determine n(2).
0
Let o(m) be the first derivative of -3*m**2/2 - 7*m - 28. Calculate o(-5).
8
Suppose 0 = -2*d - 3*o - 21, -3*d = -d - 3*o - 9. Let w(g) = g**2 + 3*g + 3. Calculate w(d).
3
Suppose -4*y + 12 = -4*b - 8, 4*b + 6 = -3*y. Let z(s) = s**3 + 4*s**y + 4 - 3*s - 5 - 2*s - s. Give z(-5).
4
Let d(c) = -2*c**2 - 9*c + 7. Let b(w) = 3*w - 5 + 3*w**2 - 6 + 11*w. Let p(i) = 5*b(i) + 8*d(i). Determine p(1).
-2
Let k(p) = -2*p + 2. Let s = -5 - -7. Suppose -y - r = -1, 0*r - 5*r - 23 = -s*y. What is k(y)?
-6
Let q(s) = s**3 - 7*s**2 - 7*s - 6. Let f be q(8). Let d(j) = j**3 + 3 + 3*j + 0*j**3 + 2*j + 3*j**f. What is d(-3)?
-12
Let b(z) = -z**2 - z + 4. Let p be (-2)/((-12)/(-9))*12. Let r be ((-4)/(-6))/(4/p). Calculate b(r).
-2
Let i(d) be the first derivative of -4 + 3*d**2 - 2/3*d**3 - d. Suppose -3*h + h = -2*m - 12, -2 = -3*h - 5*m. Calculate i(h).
-9
Suppose 3*x = -4*k - 20, k + 4*k + 30 = -5*x. Let h(s) be the second derivative of -s**4/4 - 2*s**3/3 - 3*s**2/2 + 7*s. What is h(k)?
-7
Let w(o) = -2*o - 1. Let l = 147 + -151. Give w(l).
7
Let t(o) = 6*o + 2. Let c(p) = -7*p - 2. Let x(h) = -5*c(h) - 6*t(h). Suppose -3*v + 2*q = -0*q + 15, q = 3. Let d be (2/4)/(v/18). Give x(d).
1
Let l(h) = 9*h**3 + h**2 + h. Let r(y) = -10*y**3 - y**2 - y. Let s(n) = 4*l(n) + 3*r(n). What is s(-1)?
-6
Let n be 0*(-2)/(-4) - 2. Let o(c) = -3*c**3 - 3*c**2 + 3*c - 1. Let i(w) = -4*w**3 - 4*w**2 + 4*w - 1. Let b(r) = -4*i(r) + 5*o(r). Calculate b(n).
-3
Let a(s) be the third derivative of -s**4/12 - s**3/2 + 13*s**2. Calculate a(6).
-15
Let q(k) = -k - 3. Let f be q(-3). Let p(c) be the second derivative of -c**5/20 - c**4/12 + 15*c**2/2 - 171*c. What is p(f)?
15
Suppose -r + 3*x + 1 = 12, 0 = -r - 2*x - 11. Let h(o) = -o - 14. Determine h(r).
-3
Let t(y) = 74 - y**2 - 7*y + 0*y**2 - 81. What is t(-5)?
3
Suppose 4*d - 16 = 0, 2*m - 4*d + 0 + 12 = 0. Let a(c) = 0*c**2 - c**3 + 2*c**2 + m*c**2 - 5*c**2 - c - 1. Give a(-2).
5
Let r = 16 + -15. Let t(v) = v**2. Calculate t(r).
1
Let b(r) = r**2 + 17*r + 22. Let v be b(-16). Let o(m) = m - 8. Calculate o(v).
-2
Let o = -9 + 15. Let s(p) = p**3 - 7*p**2 + 5*p + 1. Calculate s(o).
-5
Let p be (0 + 2)/(14/63). Let m be -1 - (-2)/((-6)/p). Let d(w) = w**3 + 4*w**2 - 3*w - 3. Determine d(m).
9
Let b(i) = -i**3 - 3*i**2 - 4. Let f be -1*(-3)/(-3)*3. Give b(f).
-4
Let h(b) = b**3 - 4*b**2 - 4*b - 3. Let x = -16 - -21. Calculate h(x).
2
Let s = 4 - 2. Let j be s/5 - 8/(-5). Let a(q) = 0*q**2 + 2*q - 3*q + 1 - q**2. Determine a(j).
-5
Let j(p) be the second derivative of p**5/40 + p**4/12 - p**3/6 - p. Let t(l) be the second derivative of j(l). Suppose 0 = -16*r + 20*r + 8. What is t(r)?
-4
Let r(l) = -7*l. Let h be r(-1). Let w(q) = -q - 1 + 12 + 2. What is w(h)?
6
Suppose 16*m - 21*m = 0. Let v(x) = -3*x**3 - 2*x**2 + x + 5. Let z(h) = -4*h**3 - 3*h**2 + h + 5. Let s(n) = 3*v(n) - 2*z(n). Determine s(m).
5
Let s = 2 + -1. Let g(t) = -5*t + 5*t + t**2 + s. Calculate g(3).
10
Let u(b) = -b**3 + b**2 + 5*b - 4. Suppose 0 = 3*l - 1 - 5. Suppose c = q - 4, -l*q = -4*c - 0*c - 10. Give u(q).
-7
Suppose 0 = -4*d + 8 + 8. Let s(f) be the third derivative of -f**6/120 + f**5/15 - f**4/24 - f**3/3 - f**2. Determine s(d).
-6
Let i be (-8 + 0)*(-5)/20. Let r(p) = 3*p - 2*p**3 + 12*p**2 + 3 - 2*p**2 - 11*p**i. Calculate r(-2).
9
Let g(v) be the second derivative of -v**3/6 - 3*v**2/2 - 30*v. Calculate g(-6).
3
Let y(x) be the first derivative of x**2/2 - 5*x + 4. Let v(t) = -t + 6. Let i(j) = 5*v(j) + 6*y(j). Determine i(-4).
-4
Let r = -3 + 7. Let l(n) = -2 - r + n - 2 - 4. Calculate l(5).
-7
Let n(z) = -2*z**3 - 2*z - 23. Let c(r) = -r**3 - r - 11. Let w(a) = 13*c(a) - 6*n(a). What is w(0)?
-5
Suppose 7*d = 5*d - 6, -5*d = g + 14. Let i(x) = -5*x**3 + x. Calculate i(g).
-4
Let n be (2*1)/(-5 - -6). Let x(w) be the first derivative of 2 - 1 + w**2 + 0 - w. Calculate x(n).
3
Let p(q) = -q**2 + 6 - 3*q - 2 + 0 - 2. Let o be ((-2)/6)/((-6)/(-90)). Determine p(o).
-8
Let o(s) = -5*s + 7. Let b(v) = -14*v + 20. Let d(r) = -4*b(r) + 11*o(r). Determine d(7).
4
Let i(c) = -c + 2*c**2 - 9*c**3 + 8*c**3 + 6*c**2. What is i(8)?
-8
Let r(a) = 3*a**2 + 2*a + 2. Suppose 2*b + 4*v - 14 = 0, 2*b = -2*v - 3*v + 19. Let s be b + 2 + 2/(-2). Determine r(s).
10
Suppose -4*l - 2*r = -10, -l - 3*r - 3 = -4*l. Suppose l*h - 20 = -6. Let f(x) = -x**2 + 8*x - 5. Let t be f(h). Let w(d) = -d**2 + d. Calculate w(t).
-2
Let n(y) = y**2 - 2*y - 3. Let l be (-91)/42 - (-2)/12. Determine n(l).
5
Let s be 0 + 0 - (-3 + 2). Let f(x) = -s - 29*x + 29*x + 4*x**3 + 2*x**2. What is f(1)?
5
Let w(c) = c - 6. Let z = -17 - -18. Let u = 8 - z. What is w(u)?
1
Suppose 2*t + 5*u = 2*u + 6, -3*t + 9 = 4*u. Suppose -t*p + 7 = -2. Let c(r) = -1 - p - 3*r - 2. Calculate c(-5).
9
Let j(l) = 2*l**2. Let r be j(1). Let x(k) = k**2 - 5 - 6*k**2 - 2*k**r + k**2 + k**3 + 6*k. Calculate x(5).
0
Let n(j) = -j**3 - j**2 - 4. Let l(h) = -4*h**3 - h**2 + 4*h - 2. Let m(i) = i**3 - i. Let r(p) = l(p) + 3*m(p). Let x be r(-2). Determine n(x).
-4
Let p(j) = -4*j + 4 + 116*j**2 + 0*j - 113*j**2. Determine p(3).
19
Let b be -2 + 1 + (0 - -2). Let v(u) = -6*u**2 - 4*u - 5. Let t(y) = -11*y**2 - 9*y - 11. Let z(s) = 4*t(s) - 9*v(s). What is z(b)?
11
Let t(b) be the third derivative of b**6/120 - b**5/10 - b**4/4 - 2*b**3/3 + b**2. Let f be t(7). Let i(q) = 0*q + 4 + f*q - q**2 + 1. Calculate i(5).
-5
Let m(j) = -5*j + 9. Let u be m(3). Let g = 10 + u. Let s(k) be the second derivative of k**3/3 - 5*k**2/2 - k. What is s(g)?
3
Let y(b) = b**3 + 3*b**2 + b + 3. Let w(l) = l**3 - l**2 + l + 1. Suppose -2*s + 2*j + 6 = -3*s, 0 = 5*s + 3*j + 2. Let v(d) = s*w(d) - y(d). Give v(5).
4
Suppose 4*h -